of 13251?
True
Does 21 divide 2604?
True
Is 22 a factor of 698?
False
Is 10810 a multiple of 46?
True
Does 5 divide 7820?
True
Is 6 a factor of 1417?
False
Is 12 a factor of 212?
False
Does 9 divide 3726?
True
Is 42 a factor of 2172?
False
Does 7 divide 1337?
True
Is 9 a factor of 5796?
True
Is 78 a multiple of 8?
False
Does 2 divide 609?
False
Is 954 a multiple of 26?
False
Is 36 a factor of 1440?
True
Does 236 divide 55808?
False
Does 24 divide 15099?
False
Is 9729 a multiple of 35?
False
Does 49 divide 1041?
False
Does 4 divide 240?
True
Is 642 a multiple of 59?
False
Does 76 divide 1064?
True
Is 2364 a multiple of 41?
False
Is 5 a multiple of 2?
False
Is 82680 a multiple of 106?
True
Is 30 a factor of 11937?
False
Is 348 a multiple of 18?
False
Is 29 a factor of 1364?
False
Is 38 a factor of 190?
True
Is 20 a factor of 177?
False
Is 10493 a multiple of 20?
False
Is 29 a factor of 667?
True
Is 42 a factor of 3400?
False
Is 3920 a multiple of 56?
True
Does 20 divide 9544?
False
Does 11 divide 561?
True
Is 1380 a multiple of 12?
True
Is 1940 a multiple of 194?
True
Does 76 divide 1995?
False
Is 77 a factor of 3311?
True
Is 252 a multiple of 28?
True
Is 10 a factor of 792?
False
Is 39 a factor of 7215?
True
Is 427 a multiple of 6?
False
Does 12 divide 4914?
False
Does 37 divide 3131?
False
Is 13157 a multiple of 152?
False
Is 43592 a multiple of 48?
False
Is 12540 a multiple of 132?
True
Is 5 a factor of 1704?
False
Is 75 a factor of 24934?
False
Does 6 divide 7662?
True
Is 1724 a multiple of 4?
True
Does 35 divide 4795?
True
Is 81 a multiple of 3?
True
Is 2 a factor of 4727?
False
Is 31 a multiple of 9?
False
Is 3237 a multiple of 51?
False
Is 15249 a multiple of 13?
True
Is 32 a multiple of 3?
False
Is 12 a factor of 1514?
False
Is 341 a multiple of 17?
False
Is 6 a factor of 503?
False
Is 2961 a multiple of 9?
True
Is 548 a multiple of 6?
False
Does 17 divide 1502?
False
Is 55008 a multiple of 18?
True
Does 13 divide 945?
False
Does 6 divide 2778?
True
Does 20 divide 461?
False
Is 8930 a multiple of 190?
True
Is 774 a multiple of 20?
False
Is 90 a factor of 620?
False
Does 371 divide 82362?
True
Does 77 divide 2002?
True
Is 5 a factor of 1955?
True
Is 5 a factor of 20?
True
Is 95 a factor of 5845?
False
Is 252 a multiple of 9?
True
Is 27 a factor of 6696?
True
Does 30 divide 575?
False
Is 8943 a multiple of 26?
False
Is 49 even?
False
Does 68 divide 19856?
True
Does 35 divide 62860?
True
Is 4884 a multiple of 37?
True
Does 24 divide 10977?
False
Does 9 divide 41445?
True
Is 23349 a multiple of 92?
False
Does 53 divide 1895?
False
Is 32 a factor of 28133?
False
Does 7 divide 1780?
False
Does 38 divide 1928?
False
Is 9 a factor of 1479?
False
Does 12 divide 2532?
True
Does 25 divide 1724?
False
Does 8 divide 1009?
False
Is 112 a factor of 6145?
False
Is 11 a factor of 54?
False
Is 7181 a multiple of 18?
False
Is 17907 a multiple of 141?
True
Is 32 a factor of 8325?
False
Is 1932 a multiple of 14?
True
Is 328 a multiple of 3?
False
Does 12 divide 108?
True
Is 262 a multiple of 23?
False
Is 4740 a multiple of 14?
False
Is 9046 a multiple of 37?
False
Is 107603 a multiple of 48?
False
Does 24 divide 3528?
True
Does 7 divide 2501?
False
Is 5 a factor of 3060?
True
Is 46 a factor of 1506?
False
Is 7 a factor of 1293?
False
Is 97 a multiple of 2?
False
Is 59 a factor of 2139?
False
Is 13 a factor of 10075?
True
Does 2 divide 25?
False
Is 22820 a multiple of 70?
True
Does 6 divide 1218?
True
Is 13356 a multiple of 212?
True
Is 2948 a multiple of 22?
True
Does 26 divide 4359?
False
Is 9555 a multiple of 15?
True
Is 819 a multiple of 91?
True
Does 20 divide 28815?
False
Is 1499 a multiple of 45?
False
Is 87 a multiple of 2?
False
Is 12 a factor of 7248?
True
Is 1274 a multiple of 14?
True
Is 7 a factor of 13538?
True
Is 91772 a multiple of 20?
False
Is 133 a multiple of 17?
False
Is 97 a multiple of 10?
False
Is 1876 a multiple of 7?
True
Is 1312 a multiple of 32?
True
Does 50 divide 1540?
False
Does 31 divide 186?
True
Is 36933 a multiple of 10?
False
Does 59 divide 830?
False
Is 26 a factor of 702?
True
Does 46 divide 4416?
True
Is 79 a factor of 122055?
True
Is 20856 a multiple of 33?
True
Does 23 divide 805?
True
Is 13 a factor of 35386?
True
Is 218 a factor of 55450?
False
Is 325 a multiple of 13?
True
Is 277 a multiple of 4?
False
Does 397 divide 108028?
False
Is 132288 a multiple of 20?
False
Is 3 a factor of 1563?
True
Is 27533 a multiple of 20?
False
Is 22 a factor of 4635?
False
Is 4032 a multiple of 36?
True
Is 5810 a multiple of 5?
True
Is 94 a factor of 21056?
True
Is 9 a factor of 12242?
False
Is 928 a multiple of 58?
True
Is 16 a factor of 14694?
False
Is 837 a multiple of 27?
True
Is 1959 a multiple of 16?
False
Is 647 a multiple of 4?
False
Does 65 divide 585?
True
Is 11 a factor of 288?
False
Is 89 a multiple of 19?
False
Is 450 a multiple of 3?
True
Is 8 a factor of 90?
False
Is 10 a factor of 2070?
True
Is 1397 a multiple of 6?
False
Is 3334 a multiple of 9?
False
Is 12 a factor of 14441?
False
Is 14 a factor of 34902?
True
Is 24 a factor of 589?
False
Is 25 a factor of 4395?
False
Is 850 a multiple of 17?
True
Does 15 divide 116562?
False
Does 13 divide 588?
False
Is 16 a factor of 8721?
False
Does 93 divide 41571?
True
Is 86 a factor of 3500?
False
Is 2142 a multiple of 2?
True
Is 26 a factor of 11610?
False
Does 13 divide 21671?
True
Is 4850 a multiple of 2?
True
Is 9411 a multiple of 16?
False
Is 12286 even?
True
Is 6630 a multiple of 17?
True
Is 133 a factor of 9251?
False
Does 32 divide 2823?
False
Is 33 a factor of 3171?
False
Is 998 a multiple of 33?
False
Does 2 divide 63?
False
Is 60 a multiple of 60?
True
Does 16 divide 12669?
False
Does 148 divide 1628?
True
Is 141 a factor of 141?
True
Is 30 a factor of 2250?
True
Is 62 a factor of 1148?
False
Is 20 a factor of 800?
True
Is 6 a factor of 2450?
False
Does 57 divide 23619?
False
Is 19 a factor of 228?
True
Does 18 divide 3492?
True
Does 7 divide 1063?
False
Does 12 divide 863?
False
Is 39 a factor of 5288?
False
Is 25 a factor of 500?
True
Is 47 a factor of 670?
False
Is 60 a multiple of 12?
True
Does 13 divide 415?
False
Does 11 divide 220?
True
Is 1436 a multiple of 204?
False
Is 3607 a multiple of 63?
False
Is 7 a factor of 1340?
False
Is 58 a factor of 696?
True
Does 26 divide 27668?
False
Is 15 a factor of 9870?
True
Is 3072 a multiple of 186?
False
Does 18 divide 1692?
True
Is 8 a factor of 2480?
True
Does 161 divide 1708?
False
Does 91 divide 1274?
True
Is 49931 a multiple of 49?
True
Does 6 divide 277?
False
Is 19 a factor of 1351?
False
Is 24 a factor of 1018?
False
Does 2 divide 31?
False
Does 22 divide 39152?
False
Is 8 a factor of 667?
False
Is 14053 a multiple of 23?
True
Is 1896 a multiple of 11?
False
Is 6314 a multiple of 16?
False
Is 1035 a multiple of 15?
True
Does 9 divide 5638?
False
Is 3 a factor of 1437?
True
Does 6 divide 253?
False
Is 30 a factor of 2262?
False
Is 4 a factor of 876?
True
Is 14 a factor of 13795?
False
Does 41 divide 7093?
True
Does 121 divide 2178?
True
Is 399 a multiple of 10?
False
Does 28 divide 461?
False
Is 12 a factor of 155?
False
Does 16 divide 25970?
False
Does 71 divide 1633?
True
Is 63 a factor of 1638?
True
Is 6003 a multiple of 3?
True
Does 29 divide 3161?
True
Is 13614 a multiple of 57?
False
Does 166 divide 4814?
True
Is 532 a multiple of 19?
True
Does 79 divide 3970?
False
Is 2541 a multiple of 121?
True
Does 89 divide 829?
False
Is 19327 a multiple of 11?
True
Is 19362 a multiple of 14?
True
Is 26 a factor of 25650?
False
Does 158 divide 105524?
False
Is 38529 a multiple of 92?
False
Is 44 a factor of 8140?
True
Is 2 a factor of 533?
False
Is 119 a multiple of 5?
False
Is 1120 a multiple of 70?
True
Does 8 divide 13996?
False
Is 1633 a multiple of 71?
True
Is 20845 a multiple of 10?
False
Does 29 divide 78704?
False
Does 18 divide 126?
True
Is 35490 a multiple of 13?
True
Is 37 a factor of 2550?
False
Is 157 a factor of 18683?
True
Is 3969 a multiple of 81?
True
Is 16 a factor of 560?
True
Is 47 a factor of 1974?
True
Is 19304 a multiple of 152?
True
Is 12371 a multiple of 19?
False
Does 17 divide 85?
True
Is 14 a factor of 3474?
False
Is 910 a multiple of 35?
True
Is 28 a factor of 2296?
True
Is 588 a multip